4)?
3
Let k be (-40)/(6/(-2) + 2). Let n = k + -20. What is the tens digit of n?
2
Let q = 21 - 31. Let h = q + 47. What is the units digit of h?
7
Let u = -57 - -98. What is the tens digit of u?
4
Let i = -18 - -16. Let p(l) = 13*l**2 + 2*l - 1. What is the tens digit of p(i)?
4
Let d = 365 - 140. What is the hundreds digit of d?
2
Suppose 2*t - 72 + 6 = 0. What is the units digit of t?
3
Let y(l) = -l**2 - 5*l - 1. Let z be y(-4). What is the units digit of (-3 + 17/z)*6?
6
Let t be (-6)/(3/1) - 1. Let x(z) = -10*z - 2. Let l be x(t). Suppose 2*b + 2*b = l. What is the units digit of b?
7
Let c(w) = w**3 - 4*w**2 - 7*w + 2. Let v be c(6). Suppose -r + 0*h = -5*h - 40, r - 3*h - v = 0. What is the units digit of r?
0
Let f be -1 + 2 - (2 - 3). Suppose -2*h + 16 = f*a, 0*a + 3*h - 14 = -a. Suppose 0 = -a*g + 9 + 16. What is the units digit of g?
5
Let d(n) = -2*n - 7. Let v be d(-5). Suppose -3*i = v*t - 9, -5*t + 2 = -18. Let m = i + 7. What is the units digit of m?
6
What is the tens digit of 24/108 - 682/(-9)?
7
Let h = -59 - -118. What is the tens digit of h?
5
Let d = 2 - 0. Suppose -t = -d*t + 5. Suppose a = -t*c + 11, 4*c + 0*c = 3*a - 14. What is the units digit of a?
6
Let n(l) be the first derivative of 5*l**3/3 - l**2 + l + 1. Let u be n(1). Suppose -w + 2*a - u = w, -4*w - 3 = -3*a. What is the units digit of w?
3
Suppose 3*c = p + 40, 5*c = -7*p + 3*p + 44. Let v be (8 - -2)/(4/6). Suppose -3*g + c = -v. What is the units digit of g?
9
Let c be 38/8 + 6/24. Suppose -2*y - 2 = 0, -c*r + y = -1 - 25. Suppose 5*d = r*p + 50, -d + 2*p + 0 = -12. What is the units digit of d?
8
Suppose 3*d - 8 = -2. Suppose -5*g + 6 = -d*g. Suppose 0 = y + y - g. What is the units digit of y?
1
Let v = 64 + 125. What is the hundreds digit of v?
1
Let b be (-2)/4*0/3. Suppose -7 = -3*h + 8. Let o = h + b. What is the units digit of o?
5
Let w(u) be the third derivative of -5/6*u**3 - 1/6*u**4 + 0*u + 0 + 2*u**2. What is the tens digit of w(-4)?
1
Suppose 0 = o - 2*o - u + 100, 0 = -2*u - 4. What is the units digit of o?
2
Let o = -8 + 3. Let z(g) = g**3 + 6*g**2 + 4*g + 2. What is the units digit of z(o)?
7
Suppose y - 2*k = -4, 0*k - 4 = -k. Let s be 3/(y/(64/(-3))). Let g = 29 + s. What is the tens digit of g?
1
Suppose 4*f - 81 = 51. What is the tens digit of f?
3
Let t(s) = -6*s - 6. Let v(g) = 6*g + 6. Let n(l) = -3*t(l) - 4*v(l). What is the units digit of n(-4)?
8
Let t(a) = -2*a**2 + a + a**3 - 4*a**2 + 5*a. Let i be t(5). Suppose -c - 26 = -5*q, 0*q - i*c = 5*q - 50. What is the units digit of q?
6
Let a(n) be the first derivative of n**5/60 - n**4/8 - n**3 - 2. Let g(y) be the third derivative of a(y). What is the units digit of g(3)?
3
Suppose 0 = 2*j - j + 14. Let n = 8 + j. Let b = n + 10. What is the units digit of b?
4
Suppose -29 = 2*x + 7. Let v = -13 - x. Let u = v - -3. What is the units digit of u?
8
Suppose 13*u - 973 = 2238. What is the hundreds digit of u?
2
Suppose -3*k + 4*k = -8. Let c(x) = -x - 7. Let z be c(k). What is the units digit of (0 + -1 - -2)/z?
1
Suppose 6*x - 3*x - 75 = 0. Suppose 3*y - x = -2*y, 2*v + y - 31 = 0. What is the tens digit of v?
1
Let p(b) = b**2 - b + 3. Let z be p(3). Let y = -3 + z. What is the units digit of y?
6
Let m be ((-18)/(-8))/((-3)/12). Let g = -4 - m. Suppose -k - g*j = 6, 4*k - 26 = -k + 3*j. What is the units digit of k?
4
Let v = 138 - 78. Suppose 5*w - 3*d = -2*d + 60, -5*w + 5*d = -v. What is the units digit of w?
2
Let r(j) = -j**3 - 9*j**2 - 13*j - 9. What is the units digit of r(-8)?
1
Suppose 2*f = -v + 58, -5 + 270 = 5*v + 5*f. What is the tens digit of v?
4
Suppose 0 = -2*v - v + 5*j + 16, 4*v = 3*j + 14. Suppose -2*h + 3*k - 19 = -4*h, k = h - v. What is the units digit of h?
5
Let d = 10 + -6. Suppose -k = -5*k + d. What is the units digit of k?
1
What is the units digit of (-93)/(-62)*(-28)/(-6)?
7
Let o = 20 + -7. Let r = o + 6. What is the units digit of r?
9
Let s(k) = -k**3 + 2*k + 95. What is the units digit of s(0)?
5
Let b be (2 + (-3)/3)*0. Suppose 2*m = -b*m - 2. What is the units digit of 1/m + 1 + 10?
0
Let a(k) = k**3 - 7*k**2 + 10*k + 10. What is the units digit of a(8)?
4
Suppose -2*r = 4*u - 40, 9*u - 2*r - 50 = 4*u. What is the units digit of 29/3 - u/15?
9
Let c be (-12)/(-15)*10/4. Suppose 3 = c*m - 1. What is the units digit of m?
2
Suppose 0 = 3*q - q. Suppose -t + 19 = 2*t - 2*i, -t - 4*i + 25 = q. What is the units digit of t?
9
Let n(i) be the first derivative of -i**2/2 + i + 2. Let c be 1/(-1 - (-4)/6). What is the units digit of n(c)?
4
Suppose 2*i - 30 = -10. Let k be 16/i*(2 - -3). What is the units digit of (-42)/4*k/(-12)?
7
Let l(i) = -i**3 + 12*i**2 - 13*i - 13. What is the units digit of l(10)?
7
Let i(y) = 4*y**2 - 3*y + 2. Let l be i(2). Suppose 60 = 2*a + 2*m + 10, 0 = -2*a - m + 51. Let g = a - l. What is the tens digit of g?
1
Let y(p) be the third derivative of p**5/60 + 7*p**4/24 - p**3 + p**2. Suppose -28 = 2*s - 0*b + 4*b, -s - 20 = 4*b. What is the units digit of y(s)?
2
Let b = 13 + -3. Let h = b - -13. What is the tens digit of h?
2
Let j(i) be the first derivative of -i**3/3 - 7*i**2 - i - 2. What is the tens digit of j(-11)?
3
Let g(u) = -u**3 - 7*u**2 + 9*u + 12. Let i be g(-8). Let d be -6*(10/i)/(-5). What is the units digit of (-4)/d*72/(-16)?
6
Let s(q) = 2*q**3 - 15*q**2 + 9*q + 10. What is the units digit of s(8)?
6
Let a(r) = r**3 + 5*r**2 - 3*r + 1. What is the units digit of a(-4)?
9
Suppose 0 = -2*d - 0*d + 24. Let y = -8 + d. Suppose y - 24 = -4*b. What is the units digit of b?
5
Let w = 4 + -2. Suppose g - 6 = -w*g. Suppose g = o - 5. What is the units digit of o?
7
Let n(c) = -c**2 - 11*c + 1. Let r(h) = -2*h**2 - 21*h + 1. Let p(z) = -5*n(z) + 3*r(z). Let b be (-158)/22 - 2/(-11). What is the units digit of p(b)?
5
Let y(d) = -d**3 + 7*d**2 + d + 2. Let l be y(6). Suppose 3*r + 0*i - i - l = 0, -72 = -5*r + 2*i. What is the units digit of r?
6
Suppose 4*y + 18 = -3*f, 0 = -0*f - 2*f - 5*y - 12. What is the units digit of (-2 - f) + 96/2?
2
Let m = -5 + 10. Suppose m*l + 5*h - 240 = 0, -3*l = -4*l + 2*h + 45. What is the units digit of l?
7
Suppose 2*x = -h + 11, 2*x = -3*x - 3*h + 30. Suppose 7*r = x*r - 88. Let b = r - -37. What is the tens digit of b?
1
Let n(c) = 8*c**2 + 8*c - 8. Let r(d) = 3*d**2 + 3*d - 3. Let w(b) = -4*n(b) + 11*r(b). What is the tens digit of w(-4)?
1
Let u be (5 + -1)*1/2. Suppose 2*g = -1 - 1, -t = u*g + 1. What is the units digit of t?
1
Let c = -6 - -10. Suppose -c*a + 16 = -0*a. Suppose 20 = a*u - 16. What is the units digit of u?
9
Suppose 5*d = c - 45, 2*c + 0*c = 4*d + 36. Let n(v) = 12*v - 1 - 5*v + 5*v**3 - 4*v**3 - 11 + 10*v**2. What is the units digit of n(d)?
6
Suppose i - 48 = -3*i. What is the tens digit of i?
1
Let t(y) = 13*y - 6. Let k be t(6). Suppose 3*x - 3*l - k = 0, -l - 72 = -3*x + l. What is the units digit of x?
4
What is the tens digit of (-2)/6 + 1807/39?
4
Suppose 4*i + 4 = -3*p + 16, i + 12 = 3*p. Suppose -5*f - 2*g + 13 + 32 = i, -4*f + 4*g + 36 = 0. What is the units digit of f?
9
Suppose 5*p - 5 = -2*b + 26, -4*p = 3*b - 36. What is the units digit of b?
8
Let c = -92 + 257. What is the tens digit of c?
6
Suppose -2*a + 12 = 2*a. Suppose a*u = -3*p + 7 + 5, 0 = 5*u - 5*p + 10. What is the units digit of u?
1
Let l = 9 + -17. Let x = -5 - -17. What is the units digit of 4/(-6)*x/l?
1
Let t(a) = a**2 - 5*a - 4. What is the tens digit of t(8)?
2
What is the units digit of (-49)/(-2) + (-4)/8?
4
Suppose -2*j = -2 - 2. Suppose 0 = -0*l - j*l. What is the units digit of 5/10*(l + 18)?
9
What is the units digit of ((-400)/12)/(-5)*(2 + 1)?
0
Let s be 1 + (2 - -1) + 0. Suppose -r + 4*i + 13 = s*r, -2*i = -5*r + 9. What is the units digit of r?
1
Suppose 2*b + 4 = 132. What is the units digit of b?
4
Suppose 10 = -2*w + 2*j, 2*w - 4*j + 11 = -1. Let x be (-1)/w + (-9)/4. Let z = 5 + x. What is the units digit of z?
3
Let v = 12 - 8. What is the units digit of (-4)/(-3)*18/v?
6
What is the tens digit of (-4)/((-4)/3) + 7*9?
6
Suppose -2 = 2*t, r - 40 = -5*t + 7. Suppose -5*c + r = -13. What is the tens digit of c?
1
Let g(o) = -o**3 - o**2 + 3*o - 2. What is the units digit of g(-3)?
7
Let k be -1 - 3*(-2)/(-6). What is the units digit of (2/4)/(k/(-20))?
5
Sup